
True
Let w(l) = -l**2 + 3*l + 16. Let g be w(5). Suppose -g*s + 3964 = -5*s - p, -5*s - 4*p + 19775 = 0. Is s a composite number?
True
Let a(d) = -144*d - 2075. Is a(-53) a composite number?
False
Suppose -35*n - 39*n - 809576 = -82*n. Is n prime?
True
Suppose n - 981 = 5*c, -n - 3*c = -2*n + 981. Let s = 2192 - n. Is s composite?
True
Let j be -1*6/9 + 78/9. Suppose l - 3079 = 4*w - j*w, -3*l = -9. Is w prime?
True
Let f(u) = 1258*u**2 + 71*u + 388. Is f(-5) prime?
False
Let s = -22988 + 59277. Is s a composite number?
True
Suppose -5*b - 3*o = 101, 80 = -4*b - 3*o + o. Let x(n) = -5*n**2 + 35*n - 3. Let j(d) = 4*d**2 - 36*d + 4. Let f(k) = 6*j(k) + 5*x(k). Is f(b) composite?
True
Let o be (-70)/(-14) - (-1316 + 2). Suppose -o = 13*b - 305. Let q = b - -521. Is q a prime number?
True
Let w(z) = -462*z - 31. Let i be 2/(-10) + 696/(-120). Is w(i) a prime number?
True
Let i = 611 + -596. Suppose -11*q = -28156 - i. Is q a prime number?
False
Suppose 26*o + 53264 = 42*o. Is o prime?
True
Let f be (-6898)/(-2)*(2 - 1). Let j = -18378 - -16503. Let t = j + f. Is t composite?
True
Let f = 26175 - -12118. Is f prime?
False
Suppose 283*u - 281*u - 19992 = 0. Is 2*(u/8 + -8) a prime number?
False
Let l(x) = -5416*x - 1179. Is l(-40) a composite number?
False
Let q = 30 - 44. Let k(z) = z**3 - 67*z**2 + 38*z**2 - 3 + 19*z + 46*z**2 - 16. Is k(q) prime?
False
Let q be (-8 - -9)*0/(-1). Suppose q = -4*y - 5*o - 24, -4*y + 0*y - 24 = -2*o. Is 3037 - (8/(-2) - y) a composite number?
True
Let z(a) = 2*a + 8*a**2 - 7 + 7*a - 5*a. Suppose -3*t + 3*w - 30 = 0, -36 = 4*t - t + 3*w. Is z(t) composite?
True
Let n(y) = -y**3 - 8*y**2 - 8*y + 17. Let p be n(-7). Let z(j) = 6*j**2 - 2*j + 35. Is z(p) a prime number?
False
Let y = -894 - -899. Suppose 1938 = 3*j - y*d + 104, 2*j - 1231 = -5*d. Is j a prime number?
True
Let k be 10*459/(-36)*(-7 - -1). Let g = 834 - k. Is g prime?
False
Let p = 16734 - -3579. Suppose -l - 5*t + 4761 = 0, -t + 1185 = -4*l + p. Is l a prime number?
False
Suppose 69*a + 1498218 = 75*a. Is a composite?
False
Suppose 3*x - x = 4*l + 14, 3*l + 2*x = -7. Let s(b) = 538*b**2 - 3*b + 2. Is s(l) a prime number?
False
Let m(r) = -r**3 + 35*r**2 - 114*r - 7. Let c be m(46). Let o = c + 51096. Is o a prime number?
False
Let x = 56 - 53. Suppose -4*w + 10 = o, -o = 2*w + x - 9. Suppose -w*c + 5240 = 114. Is c composite?
True
Suppose d - 4*a + 8*a - 1 = 0, -3*a + 21 = 3*d. Is 3/3 - -435*(d - 2) a composite number?
True
Let x = 213443 - 27940. Is x composite?
True
Let c = -329 + 334. Suppose 4*r + c*z - 4928 = 10241, 3*r = 5*z + 11368. Is r a composite number?
True
Let g = -214 + 215. Is (g - (-72)/(-20))/((-15)/21075) a composite number?
True
Suppose -5*g + 28*g - 334466 = 0. Suppose -n = 3*p - 4846, 3*n - 5*p - g = -10*p. Is n a composite number?
True
Suppose 5113 = -4*l - 7371. Let n = l + 8415. Is n a composite number?
True
Let a(l) = -35*l + 34. Let h = -91 + 74. Let b be a(h). Let k = 1600 - b. Is k a composite number?
False
Let i(l) = 3996*l - 131. Let u be i(-5). Let a = -8838 - u. Is a a prime number?
True
Let t = 118 - -1192. Is 1 + t + -1*(-4 + 0) a composite number?
True
Suppose -11*i = -2789430 - 1977277. Is i a prime number?
True
Is (-2)/16 + ((-167632630)/(-16))/19 composite?
False
Let w be 1 - (-3 + (59 - -3)). Let y = 64 + w. Suppose -7*n - y*n = -13039. Is n prime?
False
Suppose 5*k = 4*z - 0*z - 33, -4*z - 3*k = -25. Suppose 7151 + 2444 = 5*b. Suppose -b = -3*t - 4*d, -2*d = -z - 3. Is t prime?
False
Suppose 0 = 2*m - 20 + 12. Suppose 0 = -3*k + 4*o - 9*o + 1432, -m*o = -k + 500. Suppose x = 87 + k. Is x prime?
True
Let c = -50582 + 106345. Is c a composite number?
False
Let h(t) = 2*t**2 - 10*t + 2. Let n be h(5). Suppose n*q = -5*i + 10082, -q - 4*i + 5031 = i. Is q a prime number?
True
Is 26/39*18186690/20 prime?
True
Suppose 373*h - 374*h - 365703 = -3*s, -24 = -4*h. Is s composite?
True
Let d(y) = -y**2 - 10*y + 33. Let m be d(-12). Is (0 + 2 - -1)*48549/m a composite number?
False
Let m(d) = -d**2 + 93*d + 368573. Is m(0) a composite number?
True
Let a(v) be the second derivative of 0 - 55/2*v**2 + 4/3*v**3 - 24*v + 1/3*v**4. Is a(16) composite?
False
Let q = -1173417 - -2000972. Is q a prime number?
False
Let q(c) = 1408*c**2 + 222*c + 1731. Is q(-8) a prime number?
True
Suppose 111750 = m + 4*s - 367209, 0 = -3*s + 6. Is m a prime number?
False
Let j = 501 + -330. Let b(t) = -t**3 - t**2 + t + 6386. Let g be b(0). Suppose j = -5*w + g. Is w a prime number?
False
Suppose -3*x - 45 = 2*x. Let m = 40 - x. Is (-2)/7 + 31815/m a composite number?
True
Let p(i) = -20 - i - 8*i**3 + i**3 - 12*i**2 - 12*i + 5*i**3. Is p(-11) prime?
False
Is (-12678888)/(-96) - (-9)/(-12) a composite number?
False
Suppose -5*k - 4*h + 691 = 0, -274 = -k - k - h. Let w = k + -294. Let p = w - -302. Is p composite?
True
Suppose 3000*m + 26874 = 3006*m. Is m composite?
True
Suppose 3*y + d - 18 = 2*d, -6 = -y - 3*d. Let o(r) = r**3 + 14*r**2 - 7*r + 10 + y - 12 + 3. Is o(-12) prime?
True
Let l = 10 - 13. Let n = l + -14. Let u = 74 - n. Is u prime?
False
Suppose 2455913 = 3*z + 2*k, 0 = 74*z - 79*z - 5*k + 4093200. Is z prime?
False
Let r be 3 + (-78)/30 - 52/(-20). Suppose 6547 = r*h - x, 0 = 4*h + 3*x - 5317 - 3421. Is h a composite number?
True
Let u(h) = -h - 2. Let q be u(-10). Let t be (12 - (-30)/(-4))*(0 - -6). Suppose t*n = q*n + 43377. Is n composite?
True
Let o = -541108 + 957591. Is o a composite number?
True
Let m(a) = -158*a + 417. Let o be m(-8). Let w = 2958 - o. Is w a prime number?
True
Let z(w) = -1 + 55*w**2 - 130*w**2 - 3*w + 73*w**2 - 5899*w**3. Is z(-1) a prime number?
False
Let o be 3 - (-4 - -6)/(4 - 2). Suppose 0*d - 4 = 2*d, -o*r - 3*d = -3682. Is r - (-3 - -1)/(-2) a composite number?
True
Let b be (-7497)/(-36) - (5/4 + -1). Let c(h) = 261 + h**2 + b + 22. Is c(0) a composite number?
False
Let m(f) = -f**3 + 7*f**2 + 6*f + 4. Let l be m(6). Let j = 83 - l. Suppose 0 = -j*p + 6339 - 1586. Is p a composite number?
True
Let w(d) = 1007*d**2 + 29*d + 97. Is w(18) prime?
False
Suppose 0 = 26*u - 220 + 12. Let v(f) = 52*f**3 + 5*f**2 - 21*f - 17. Is v(u) a composite number?
False
Let w = -62 - -71. Let p(d) = -d**2 + 7*d - 5. Let m be p(w). Let o(z) = -63*z + 16. Is o(m) a composite number?
True
Suppose -3*o + 7 = t + 19, 5*t - 4*o = -22. Is 0 + (-41960)/t - 345/(-207) a composite number?
True
Let k be (128/(-96))/((-2)/105). Is 94670/22 - k/385 a composite number?
True
Let d(x) = 15*x**2 + 19*x - 29. Suppose 38 = 13*i - 11*i. Is d(i) a composite number?
True
Suppose -17 - 423 = 4*w. Let n = w + 112. Suppose -4*d + 330 = n*y, 2*d + 633 = 4*y + 13. Is y composite?
False
Suppose 55*u = 51*u - 32. Let a(g) = -25*g + 52 + 15 - 4 + 0. Is a(u) a prime number?
True
Let i = 14735 + -9140. Suppose -4*y = -9*y + i. Is y prime?
False
Let a(t) = -t**3 - 3*t**2 - 5*t + 19. Suppose -42 = -n - 36. Let b be 6/(-3)*(-2 + n). Is a(b) composite?
False
Let b = -260 - -264. Suppose 5*c = 4*k - 36016, -35980 = -b*k - 2*c - 2*c. Is k prime?
True
Suppose -68*h - 2 = -70*h. Let y be 204 + 6 - 2/h. Let j = 2025 - y. Is j a prime number?
False
Let c be 5/((-25)/(-80)) + 0. Is (-33933)/(-27) - (c/18)/(-4) prime?
False
Let l be ((-16)/(-6))/(4*(-7)/(-126)). Suppose -4*p + 2672 = l*p. Is p a composite number?
False
Let j(m) = m**2 - 15*m + 14. Let t be j(9). Let s be -2 - (-2 - t/5). Let b(o) = o**2 - 12*o - 15. Is b(s) a prime number?
False
Is (6/(-12)*(-6)/15)/((-3)/(-565755)) prime?
True
Suppose -4*v + 3*h + 2491004 = 0, 0 = -2*v + 40*h - 35*h + 1245502. Is v prime?
True
Let t(m) = -m**2 + 22*m - 55. Let u be t(19). Suppose -u*k + 133640 = 38*k. Is k a composite number?
True
Let o(i) = -3953*i + 1. Suppose -17*f + 20 = 54. Is o(f) a composite number?
False
Suppose -29*n - 662857 = -127720. Let r = n + 27838. Is r a prime number?
False
Let s = 141900 - 83069. Is s a composite number?
False
Suppose -82*h + 10911906 = -8007052. Is h composite?
False
Let q = 200 - 197. Let y = 12313 + -8404. Suppose y = q*c - 72. Is c a prime number?
True
Let n(y) = 119*y**3 + 46*y**2 - 64*y + 1261. Is n(24) a composite number?
False
Is ((-1 - 60)*-907)/((-3)/(-3)) a prime number?
False
Let a be ((-1)/2*-2)/((-1)/(-3)). Suppose -35160 + 10885 = 5*d + 5*r, -2*r - 4858 = d